-14*c**2 + c. What is u(r)?
-15
Let a(u) = 5*u - 4. Let g(i) = -5*i - 7. Let s be g(-2). Calculate a(s).
11
Let j(d) = 4*d**2 + 3*d + 1. Suppose -2*g - 2*g = 0. Suppose g = 2*a - 0*a - 40. Let l be 4/(-22) - a/11. Calculate j(l).
11
Suppose q = -5, 3*k - 7 = 3*q + 26. Let m(j) be the third derivative of -j**6/120 + 7*j**5/60 - 7*j**4/24 + 3*j**3/2 + 4*j**2. Calculate m(k).
3
Let u(c) = -c**3 + c + 4. Let o(v) = 2*v**2 - 51*v - 26. Let t be o(26). Determine u(t).
4
Let h(c) = 34*c**2 + 6*c + 11 - 20*c**2 - 15*c**2 - 15. Suppose -43 = -5*i + 7. Suppose -4*u = -a - 15, 3*u - 2*a - i = -a. Calculate h(u).
1
Let c be (-26 - 0)/(-6 - 11/(-2)). Let o = 46 - c. Let s(z) = -4*z - z**2 - 4*z + 2*z. Calculate s(o).
0
Suppose 18*g = 27*g. Let q(b) be the second derivative of -b**3/6 - 11*b**2/2 + 10*b. Determine q(g).
-11
Let j(o) = -6 - 2*o + 28 + 5*o + 0*o - 4*o. Give j(11).
11
Suppose -31*k + 26 = 2*n - 29*k, 4*n - 3*k = 38. Let s(b) = b + 10. Determine s(n).
21
Let h(o) be the second derivative of -1/6*o**4 - 1/3*o**3 - 1/20*o**5 + 0 + o**2 + 4*o. Give h(-2).
6
Let z(b) = 24 - 2*b + 7 - 23 + 0*b + 3*b. Calculate z(-3).
5
Let o(m) = 3*m - 3*m**2 + 12 - 37*m + 4*m**2 + 35*m. What is o(0)?
12
Suppose 4*i - 56 = -u, -44 = -4*i + u + u. Suppose 3*l + 2*h = 10 - 3, 3*l + 5*h - i = 0. Let c(s) = -7 + 2*s + 0 - l + 11. Calculate c(-2).
-1
Let o(t) be the second derivative of t**3/6 - t**2/2 + 7*t + 6. Calculate o(8).
7
Let h(v) = v. Suppose -2*t - 14 = 2*f, -5*f - 3 - 12 = t. Let j be h(t). Let q(d) = 8*d - 6 - 2*d**2 - 3*d - 2*d**2 - 3*d**3 + 2*d**3. What is q(j)?
-6
Let a be (-8)/(-3) - (-4)/(-6). Let g(y) = y + 2*y + 2*y - 2*y**a + 2. Suppose 4*l - 7*l = 5*w - 26, 0 = -4*w - 5*l + 26. What is g(w)?
-10
Let h(x) = -1. Let j(k) = 36*k + 26. Let b(d) = 7*d + 5. Let f(s) = -11*b(s) + 2*j(s). Let n(o) = -f(o) + 6*h(o). Calculate n(2).
7
Let s(k) = -12*k + 9*k + 5*k. Let y(g) = -g. Let d(j) = 4*s(j) + 7*y(j). What is d(4)?
4
Let w(d) be the third derivative of 0 + 21*d**2 - 1/24*d**4 + 0*d + 5/3*d**3 - 7/60*d**5 + 1/120*d**6. Calculate w(7).
3
Let t(g) = 2*g**3 - 17*g**2 + 7*g + 14. Let j be -8*(-2)/12 + 1760/264. Give t(j).
6
Suppose a - 7 = -3. Suppose 5*g = 4*f - 2 + 5, 0 = -2*f + 6. Let j(r) = a - 9*r + 7*r + g*r. What is j(-3)?
1
Let o(h) = -10*h - 14. Let m(v) = -v - 3. Let g(w) = 5*m(w) - o(w). Calculate g(1).
4
Let o = -416 - -409. Let f(k) = 6*k - 8. What is f(o)?
-50
Let a = -22 - -23. Suppose 0 = -4*m + v + 3, a = -m + v - 2. Suppose 2*r - 5*h + 25 = 7*r, -2*r + m*h = -26. Let l(j) = -j**2 + 9*j - 2. What is l(r)?
-2
Let h(g) = 14*g**2 - 2*g - 5. Let k(o) = -11*o**2 + o + 4. Let f(r) = 3*h(r) + 4*k(r). Let w be 1 + 4/(-2) + 2. What is f(w)?
-3
Let x(q) = 2*q**3 - 4*q**3 - q**3 - q. Let h be ((-75)/10)/(3/(-8)). Let i = -21 + h. Calculate x(i).
4
Let d(g) = g + 1. Let l = -61 + 55. Determine d(l).
-5
Let f(m) be the first derivative of 0*m**2 - 1 + 1/3*m**4 + 0*m - 3*m**3 + 1/120*m**5. Let r(i) be the third derivative of f(i). What is r(-6)?
2
Suppose 0*f = 5*f - 10. Let m = f - 8. Let n(d) be the third derivative of d**6/120 + d**5/12 - 5*d**4/24 - 2*d**3/3 - 21*d**2. Calculate n(m).
-10
Let o(v) = -v**3 - 8*v**2 + 4*v - 3. Let a(p) be the first derivative of p**4/2 + 3*p**3 - 5*p**2/2 + 2*p + 9. Let w(g) = -2*a(g) - 3*o(g). Give w(5).
20
Let t(r) = -5*r**2 + 6*r - 10. Let q(y) be the third derivative of -3*y**5/20 + 11*y**4/24 - 19*y**3/6 + 17*y**2. Let h(s) = -6*q(s) + 11*t(s). Give h(-3).
-5
Suppose -3*k = -2*t - 9, -4*t = 2*k - 7 + 1. Suppose 0 = 5*q - k*q - 3*h + 18, -h = 5*q + 28. Let a(u) = u + u**2 - 2 + 3*u + 2*u. Give a(q).
-2
Let v(m) be the second derivative of 4*m**3/3 - 3*m**2/2 + m + 17. Calculate v(1).
5
Let a = 4 + -9. Let j(n) = n**3 + 5*n**2 + 3. Let g be j(a). Let w(s) = 9*s - 4*s**3 + 7*s**2 + 5*s**g + 2 - s + 5. Give w(-6).
-5
Let y be (-630)/1155 + 60/(-11). Let l(k) = k**3 + 5*k**2 - 5*k - 1. Give l(y).
-7
Let g(q) = q**3 - 6*q**2 - q + 1. Let a be g(6). Let j(s) = 5*s + 6. Let n(w) = 7*w + 7. Let x(r) = -3*j(r) + 2*n(r). Give x(a).
1
Let a(g) be the first derivative of g**2 - 2*g - 1. Suppose -y - 3*y = 0, 4*d = 4*y + 16. Calculate a(d).
6
Let x(z) = -3*z - z + 6*z**2 + 3 - z - z**3. Let f = 58 - 59. Let d be 4 + 3 + f + -1. Determine x(d).
3
Let r = 6 + -1. Let q(w) be the third derivative of -14*w**2 - 5/6*w**3 + 0*w + 1/8*w**4 + 0. Calculate q(r).
10
Let x(l) be the first derivative of l**4/4 - 4*l**3/3 - 5*l**2/2 - l - 1. Let k be 21/28 - (-34)/8. Calculate x(k).
-1
Suppose -4*r + 47 - 7 = 0. Let o(d) = d - 4. Give o(r).
6
Let d = -16 + 12. Let p(t) be the second derivative of t**5/20 + t**4/3 + t**3/6 - 3*t**2/2 - 4*t. Calculate p(d).
-7
Let d be 4/(-6) + (-13)/3. Let m(c) be the third derivative of c**6/720 + 3*c**5/40 + 5*c**4/6 - 24*c**2. Let y(l) be the second derivative of m(l). Give y(d).
4
Let r(j) = 2*j - 2. Let q(p) = p - 3. Let z(c) = -3*q(c) + 2*r(c). Let a be (-1 - -1)*(-7)/42*3. What is z(a)?
5
Let d(m) = -2 - 3*m + 4*m + 2 - 1. Let y = 29 + 2. Suppose -4*f - 2*b + y = f, 3*f - 29 = 4*b. Calculate d(f).
6
Let q(a) = -9*a - 6. Let n(k) = -62*k - 40. Let r(z) = 3*n(z) - 20*q(z). What is r(0)?
0
Suppose p + p = 0. Let b(o) be the first derivative of -4*o + 2*o**2 + p*o + 3 + o + 5*o. Calculate b(3).
14
Let j = 5 + -10. Let z(r) = 5*r**2 + 3*r + 9 + r**3 + 1 - 4. Give z(j).
-9
Let b be -2 + 0 - (5 - 15). Let n = b + -6. Let r(k) = 0*k**2 - k**2 + 4*k**2 + n*k**3 - 2*k - 3*k**3. Calculate r(2).
0
Let a be (8/10)/(2/(-10)). Let l be 2/(-4)*(a - -6). Let z(n) = -n**2 - 2*n - 1 + 37*n**3 - 64*n**3 + 21*n**3. What is z(l)?
6
Suppose -18*z - 247 = -5*z. Let d(o) = -o**3 - 18*o**2 + 20*o + 15. Calculate d(z).
-4
Let z be 2/(-8) - 123/(-12). Let o(p) = p**2 - 9*p - 12. Calculate o(z).
-2
Let w(z) be the first derivative of -z - 2*z**2 - 20 + 2/3*z**3. What is w(3)?
5
Let d(i) = 3*i**3 - 3*i**2 - 14*i - 73. Let o(l) = l**3 - 5*l - 25. Let x(q) = 6*d(q) - 17*o(q). Determine x(18).
5
Let g be (-96)/(-60)*(-10)/(-4). Let u(d) = -g*d - 2*d + 8*d. Calculate u(1).
2
Suppose 466 = -6*r + 436. Let u(f) = -f + 1. Let n(i) = 2*i + 2. Let v(c) = n(c) + u(c). Determine v(r).
-2
Suppose 7*r = 2*r - 5, -4*h - 3*r - 27 = 0. Let l(z) = z**2 - z - 11. Determine l(h).
31
Let j(c) be the first derivative of -2*c**5/15 + c**3/6 - c**2 - 1. Let t(s) be the second derivative of j(s). Suppose 497*v = 461*v + 20 - 56. Determine t(v).
-7
Let b(r) = -r**2 + 4*r - 3. Let o be -5*(-9 - 8/(-1)). Give b(o).
-8
Let g = -6 + 0. Let s(c) = -c**2 + 8*c + 3. Let u(x) = -x**2 + x. Let i(k) = -s(k) + 2*u(k). Determine i(g).
-3
Let y(c) = 2*c + 4. Let p(u) be the first derivative of -u**2/2 - 4*u - 41. Let g(b) = -5*p(b) - 6*y(b). Determine g(3).
-25
Let q(o) be the second derivative of -o**4/12 - 7*o**3/3 + 3*o**2/2 + 75*o. Determine q(-14).
3
Let m(g) = 5*g - 13. Let l(k) = k**3 + 7*k**2 + 15*k + 29. Let a be l(-5). Determine m(a).
7
Let n(j) be the second derivative of 2*j**3/3 - 2*j**2 + 4*j. Let v(i) = -2*i - 3. Let w be v(-3). What is n(w)?
8
Let s = -9 + 13. Let p be 2/8*s*1. Suppose t + 4*x - p = 0, 0 = -0*x - x. Let h(a) = -5*a + 1. Give h(t).
-4
Let m(d) = 16*d**2 - 9*d - 4. Let n(o) = -13*o**2 + 7*o + 3. Let z(r) = 5*m(r) + 6*n(r). Calculate z(5).
33
Let k(b) = 9*b**2 + 7*b - 14. Suppose 10 = 3*m - 2*v, -m - 4*v - 2 + 24 = 0. Let q be k(m). Let d(z) = -z - 4*z**2 + 352 - q. Give d(-1).
-3
Suppose 0 = -12*h - 467 + 215. Let j(a) = 3*a + 58. Calculate j(h).
-5
Let b(o) = o**3 + o**2 - o + 2. Let w = -565 - -563. What is b(w)?
0
Let j = 54 - 46. Let b(r) = -5*r + j - 6 + 8*r. What is b(3)?
11
Let h(m) be the second derivative of m**4/12 - 13*m**3/6 + m**2/2 + 16*m - 2. Calculate h(13).
1
Suppose -3*a - 48 = 5*k, -4*k + 3*a = 3 + 3. Let s(j) = -j - 1. Let i(t) = t**2 + 9*t - 5. Let d(b) = i(b) + 2*s(b). Give d(k).
-13
Let b(o) = o - 4. Let q = -5 - -9. Suppose 0 = -h - q + 11. Determine b(h).
3
Let b(g) = 2*g - 4. Let s(n) be the second derivative of -n**3/6 + 3*n**2/2 + 23*n. Let k(m) = -4*b(m) - 5*s(m). Calculate k(-2).
7
Let o(f) be the third derivative of 0 + 0*f + 1/3*f**3 + 1/60*f**5 + 5*f**2 - 1/6*f**4. Let k(y) = 2*y**2 + 2*y + 1. Let w be k(-2). Determine o(w).
7
Suppose -b = -9 + 4. Suppose 2*v - 3*d = 13, 2*v - 4*d - b - 3 = 0. Suppose 